37, 22147
List the prime factors of 229554.
2, 3, 13, 109
List the prime factors of 568002.
2, 3, 137, 691
What are the prime factors of 1182112?
2, 17, 41, 53
List the prime factors of 2641642.
2, 23, 57427
List the prime factors of 152798.
2, 19, 4021
List the prime factors of 4149808.
2, 13, 71, 281
What are the prime factors of 6428001?
3, 2142667
What are the prime factors of 242888?
2, 97, 313
What are the prime factors of 779267?
779267
What are the prime factors of 114143?
114143
What are the prime factors of 340895?
5, 29, 2351
What are the prime factors of 22971038?
2, 19, 227, 2663
List the prime factors of 195506.
2, 67, 1459
What are the prime factors of 1996061?
1996061
What are the prime factors of 2312796?
2, 3, 37, 5209
List the prime factors of 25210663.
19, 191, 6947
What are the prime factors of 1766550?
2, 3, 5, 11777
What are the prime factors of 5154481?
907, 5683
List the prime factors of 36241.
36241
List the prime factors of 643442.
2, 321721
List the prime factors of 643153.
7, 139, 661
List the prime factors of 26982.
2, 3, 1499
List the prime factors of 639299.
639299
List the prime factors of 1816111.
11, 107, 1543
What are the prime factors of 127466?
2, 17, 23, 163
What are the prime factors of 81963?
3, 7, 1301
What are the prime factors of 7253511?
3, 2417837
What are the prime factors of 26964849?
3, 359, 25037
What are the prime factors of 633693?
3, 211231
What are the prime factors of 21961?
21961
List the prime factors of 9437352.
2, 3, 67, 5869
What are the prime factors of 10000390?
2, 5, 1000039
List the prime factors of 439750.
2, 5, 1759
List the prime factors of 3507384.
2, 3, 146141
List the prime factors of 15594942.
2, 3, 11, 236287
List the prime factors of 12833.
41, 313
What are the prime factors of 3059048?
2, 17, 83, 271
List the prime factors of 2818609.
2818609
List the prime factors of 199517.
127, 1571
What are the prime factors of 798928?
2, 13, 23, 167
List the prime factors of 191575.
5, 79, 97
What are the prime factors of 22497133?
22497133
List the prime factors of 1196423.
131, 9133
What are the prime factors of 694914?
2, 3, 11, 10529
What are the prime factors of 301584?
2, 3, 61, 103
List the prime factors of 1088292.
2, 3, 89, 1019
What are the prime factors of 332620?
2, 5, 16631
What are the prime factors of 1504100?
2, 5, 13, 89
List the prime factors of 1217548.
2, 79, 3853
List the prime factors of 5545579.
13, 426583
What are the prime factors of 1785157?
11, 162287
List the prime factors of 74544.
2, 3, 1553
List the prime factors of 7589161.
571, 13291
List the prime factors of 441486.
2, 3, 24527
What are the prime factors of 258034?
2, 7, 2633
What are the prime factors of 539107?
539107
List the prime factors of 1424018.
2, 67, 10627
What are the prime factors of 2949248?
2, 23041
List the prime factors of 12895702.
2, 151, 42701
List the prime factors of 1534257.
3, 170473
List the prime factors of 4566989.
7, 401, 1627
List the prime factors of 853212.
2, 3, 97, 733
What are the prime factors of 378778?
2, 189389
List the prime factors of 3902.
2, 1951
What are the prime factors of 154890?
2, 3, 5, 1721
What are the prime factors of 443697?
3, 131, 1129
What are the prime factors of 275105?
5, 55021
List the prime factors of 428880.
2, 3, 5, 1787
What are the prime factors of 1127890?
2, 5, 43, 61
What are the prime factors of 259368?
2, 3, 101, 107
What are the prime factors of 1346028?
2, 3, 223, 503
What are the prime factors of 124494?
2, 3, 20749
What are the prime factors of 1433823?
3, 477941
What are the prime factors of 374794?
2, 7, 19, 1409
What are the prime factors of 890244?
2, 3, 8243
What are the prime factors of 848084?
2, 19, 11159
What are the prime factors of 729793?
17, 42929
List the prime factors of 7427862.
2, 3, 13, 3527
List the prime factors of 3564151.
47, 75833
List the prime factors of 28093853.
59, 476167
What are the prime factors of 718140?
2, 3, 5, 11969
List the prime factors of 9956984.
2, 101, 12323
What are the prime factors of 204494?
2, 59, 1733
What are the prime factors of 1276735?
5, 31, 8237
What are the prime factors of 1371923?
7, 37, 5297
List the prime factors of 1862522.
2, 73, 12757
List the prime factors of 5516750.
2, 5, 22067
What are the prime factors of 1019800?
2, 5, 5099
List the prime factors of 1142317.
11, 113, 919
List the prime factors of 175568.
2, 10973
What are the prime factors of 352432?
2, 22027
List the prime factors of 144254.
2, 11, 79, 83
List the prime factors of 21745270.
2, 5, 37, 58771
List the prime factors of 1544086.
2, 197, 3919
What are the prime factors of 3834?
2, 3, 71
What are the prime factors of 8477207?
8477207
List the prime factors of 19464503.
3221, 6043
What are the prime factors of 12767595?
3, 5, 17, 50069
List the prime factors of 557652.
2, 3, 46471
List the prime factors of 537878.
2, 11, 23, 1063
What are the prime factors of 357255?
3, 5, 17, 467
List the prime factors of 1002765.
3, 5, 66851
List the prime factors of 198125.
5, 317
List the prime factors of 57457.
57457
List the prime factors of 27701982.
2, 3, 7, 11, 23, 79
What are the prime factors of 827893?
11, 73, 1031
What are the prime factors of 143632?
2, 47, 191
List the prime factors of 1132656.
2, 3, 7, 3371
What are the prime factors of 914879?
7, 18671
What are the prime factors of 312234?
2, 3, 13, 4003
What are the prime factors of 141992?
2, 17749
List the prime factors of 864538.
2, 19, 22751
List the prime factors of 2246690.
2, 5, 224669
List the prime factors of 29245.
5, 5849
What are the prime factors of 903309?
3, 11, 31, 883
What are the prime factors of 21880764?
2, 3, 37, 16427
List the prime factors of 43531.
101, 431
What are the prime factors of 5156961?
3, 19, 90473
List the prime factors of 1398449.
13, 97, 1109
What are the prime factors of 15272130?
2, 3, 5, 509071
What are the prime factors of 3125285?
5, 625057
List the prime factors of 13490926.
2, 23, 313, 937
List the prime factors of 531686.
2, 29, 89, 103
What are the prime factors of 11116118?
2, 13, 229, 1867
List the prime factors of 834211.
7, 119173
List the prime factors of 231558.
2, 3, 38593
What are the prime factors of 71960?
2, 5, 7, 257
List the prime factors of 852109.
61, 229
List the prime factors of 447865.
5, 11, 17, 479
List the prime factors of 148949.
148949
List the prime factors of 20995641.
3, 2332849
What are the prime factors of 36091?
11, 17, 193
List the prime factors of 337447.
11, 30677
List the prime factors of 661902.
2, 3, 107, 1031
What are the prime factors of 22988408?
2, 23, 101, 1237
What are the prime factors of 150299?
150299
What are the prime factors of 12175665?
3, 5, 43, 439
List the prime factors of 1412423.
277, 5099
What are the prime factors of 11859434?
2, 29, 73, 2801
List the prime factors of 1341942.
2, 3, 7, 89, 359
List the prime factors of 36611540.
2, 5, 7, 17, 15383
What are the prime factors of 299098?
2, 17, 19, 463
What are the prime factors of 5121388?
2, 73, 17539
What are the prime factors of 4722218?
2, 2361109
What are the prime factors of 13320982?
2, 41, 162451
What are the prime factors of 11247977?
13, 293, 2953
What are the prime factors of 7168157?
23, 311659
List the prime factors of 1552677.
3, 7, 107, 691
List the prime factors of 2975609.
7, 13, 19, 1721
List the prime factors of 30483259.
43, 708913
List the prime factors of 655426.
2, 41, 7993
What are the prime factors of 185866?
2, 199, 467
List the prime factors of 3915258.
2, 3, 652543
What are the prime factors of 3033693?
3, 13, 43, 67
List the prime factors of 20719789.
103, 201163
List the prime factors of 1093656.
2, 3, 45569
List the prime factors of 17319958.
2, 41, 211219
List the prime factors of 66144.
2, 3, 13, 53
What are the prime factors of 17930771?
73, 245627
List the prime factors of 18683792.
2, 71, 16447
List the prime factors of 15328729.
13, 67, 17599
What are the prime factors of 193619?
193619
List the prime factors of 110765.
5, 22153
List the prime factors of 235400.
2, 5, 11, 107
What are the prime factors of 292697?
29, 10093
What are the prime factors of 2070968?
2, 258871
What are the prime factors of 500807?
500807
What are the prime factors of 2323540?
2, 5, 11